(10/(-3))/((-2)/(-3)). Let a(t) = -t**3 + 5*t**2 + 8*t + 5. Is a(l) a composite number?
True
Let w(f) = -4*f + 13. Suppose 2*z = 16 - 60. Let t = 13 + z. Is w(t) prime?
False
Let k be (1 + 1)*(-11101)/(-34). Let g = -274 + k. Is g composite?
False
Let h(u) = 95*u**2 + 6*u - 6. Let g(s) = 94*s**2 + 5*s - 5. Let w(y) = 6*g(y) - 5*h(y). Let z be (2 - (-1)/(-1))/1. Is w(z) composite?
False
Let h(i) = -2 + 6*i - 4 + 0 + 1. Suppose -7*y + 28 = -3*y. Is h(y) a composite number?
False
Is (-3*4/(-36))/(2/2274) a composite number?
False
Let d = 50 + -72. Let o = d + 36. Is o a composite number?
True
Suppose -4*i + 24 = -i. Suppose -w + i = -5*w. Is (-7 - -4)/(w/134) composite?
True
Let u(s) = 193*s**3 - s**2 + 4*s - 5. Is u(2) composite?
False
Suppose 0*f + 4*j - 12 = 2*f, -26 = -5*f - 4*j. Suppose -4*o + f*o = -2*q - 14, 4*q = 0. Is o a prime number?
True
Let p be (-2)/4 - 3/(-6). Suppose p*r = -4*r. Suppose r = o - 3*o + 66. Is o composite?
True
Let q = 7 - 126. Let k = 234 + q. Is k a composite number?
True
Let c = -1 - -1. Let u(q) = c + q + 3 + 11*q. Is u(3) prime?
False
Suppose -59 - 159 = 2*l. Is 1/(-3 + (-328)/l) prime?
True
Let s = 193 + -346. Let c = s + 271. Is c composite?
True
Is -15*-1*(-316)/(-3) + -3 prime?
False
Suppose -17866 = -p - k, 2*p - 4*k - 33692 - 2046 = 0. Is (-2)/(-8) + p/68 a composite number?
False
Let b(m) = -6 - m + m + 2*m + m + 3*m**2. Let f be b(-8). Suppose f + 712 = 4*l + 3*d, -2*l + 436 = d. Is l prime?
False
Let h = 440 + -223. Is h a prime number?
False
Let x be ((-38)/(-5))/(3/90). Suppose 5*g - o - 221 = x, -o + 174 = 2*g. Is g prime?
True
Let n(z) = -z**3 + 6*z**2 + z + 9. Is n(6) a prime number?
False
Let n(d) = d**2 - 5*d + 2. Let l be n(4). Is 9/(-6)*29*l composite?
True
Let j(s) = -s**2 + 6*s + 4. Let w be j(6). Suppose 8*b = -w*k + 3*b + 181, -2*k + 2*b = -104. Is k prime?
False
Suppose t - 25 - 5 = 0. Suppose u = 154 - t. Suppose -q - 3*q + u = 0. Is q prime?
True
Let k = 9 + -5. Suppose -5*b + 10 = 0, -k*a - 598 = -8*a - 5*b. Let q = 296 - a. Is q a composite number?
False
Let o(p) = 7*p**2 + 6*p - 5. Is o(-6) composite?
False
Suppose 2250 = -3*b + 4*g - 981, 0 = -3*b - 2*g - 3231. Let i = 1585 + b. Suppose -i = 3*r - 7*r. Is r composite?
False
Suppose k - 5*p = -4*p + 3, 3*k + 3*p = -9. Let n(r) = -r. Let l be n(k). Is l - (-1 - (-1 - -55)) prime?
False
Let o(q) = 114*q - 5. Is o(2) a composite number?
False
Let h(d) = -d + 5. Suppose -l + 1 = 5. Let p be h(l). Is 1 + (p - 0/2) a prime number?
False
Let x = 704 + -502. Is x prime?
False
Let t(l) = 4*l**2 - 3*l - 2. Let y be t(3). Let m = y + -10. Is m a composite number?
True
Let o = 7 + -4. Suppose 2*w - o*q - 4 = 0, 4*w + 2*q - 1 = 7. Is ((-20)/15)/(w/(-33)) prime?
False
Suppose -5*f - a = -2*a - 953, -760 = -4*f + 2*a. Is f prime?
True
Is 10/15*(-853)/4*-6 composite?
False
Suppose -3*c = -s - 22, -c - 4*s = -5*s - 10. Is 46/3 + (-2)/c a prime number?
False
Suppose -p = 2*p - 15. Let q(i) = -i**2 + 10*i + 12. Is q(p) a prime number?
True
Let d = -33 - -22. Is d/((9/(-3))/9) composite?
True
Suppose 4*z = 2*z - 204. Let g = 154 + z. Suppose -g = 3*l - 451. Is l prime?
False
Let d(b) = 23*b**2 + 5*b - 25. Is d(-9) a prime number?
False
Let v(n) be the second derivative of -n**5/20 + n**4/12 + 111*n**2 - 2*n. Let j be v(0). Suppose -j = -k - 61. Is k prime?
False
Let q be (-4 + -1 + 1)/(-2). Is (2 - 4) + q + 19 a composite number?
False
Let p(j) = j**3 - 13*j**2 + 21*j - 5. Is p(14) a prime number?
False
Let n be (-127)/(2 - 7/3). Suppose 4*l + j = 837, 2*l = -2*j + n + 39. Is l a prime number?
False
Suppose 5*v + 2*o = -549, -440 = 4*v + 2*o - 0*o. Let q = v + 158. Is q a prime number?
False
Suppose -2*d = -q - 71, 4*q = 5*d - 0*d - 173. Is d a prime number?
True
Let f(p) = 246*p + 37. Is f(7) a prime number?
True
Let c = 0 - 8. Let h(u) = 3*u**3 + 7*u**2 + 7*u - 10. Let w(g) = 10*g**3 + 20*g**2 + 21*g - 30. Let z(a) = -7*h(a) + 2*w(a). Is z(c) a composite number?
False
Suppose -8 - 20 = -3*d - 5*i, 3*d - 3*i + 12 = 0. Let l(z) = 3*z - 6. Let h be l(8). Let p = h + d. Is p a prime number?
True
Suppose -4*r - 1696 = -0*r. Let b = 821 + r. Is b composite?
False
Suppose -56920 = 31*v - 39*v. Is v prime?
False
Let h(j) = -58*j**3 + j**2 + 2*j + 2. Is h(-1) a prime number?
True
Suppose d - 6*d + 710 = 0. Suppose 0 = -q - 5*i + 149, 4*i = -3*q + 611 - d. Is q composite?
True
Suppose -4*j = j + 2*k - 12891, 5*j + 3*k - 12889 = 0. Is j a composite number?
False
Suppose z = 3*z - 8. Suppose -w + 5*a + 28 = 0, 5*w - a = 16 + z. Is w composite?
False
Let y(x) = -67*x + 6. Is y(-5) a prime number?
False
Let k be (-48)/(-20) + 2/(-5). Suppose j - 1 - k = 0. Suppose -j*s + 60 = -9. Is s a prime number?
True
Let z(g) = -g**2 - 12*g + 14. Let u be z(-13). Suppose -u = 2*s - 21. Is s a composite number?
True
Let x = 4 + 0. Let p be (1 - -24) + -6 + 7. Let n = p - x. Is n a prime number?
False
Suppose 0*z = -4*z + 5*s + 36, -3*s = 0. Let x = z + -3. Is x/8 - 2084/(-16) composite?
False
Suppose -4*h + 6*h = 6. Suppose 0 = 5*f - h*n - 715, -f - 5*n + 13 + 130 = 0. Is f composite?
True
Suppose -5*h + 14 = 5*r - 146, 3*r - 88 = 5*h. Is r a prime number?
True
Suppose f = -4*g + 3*f + 1220, 2*g - 622 = -2*f. Is g composite?
False
Suppose -4 = 3*b - 16. Suppose -3*a + a + 2 = 0, -321 = -b*t - 5*a. Is t a prime number?
True
Is 614/(-4)*(1 + -3) a composite number?
False
Let g be (-1)/(0 + -3)*45. Suppose 0*d - g = -5*d. Is d a composite number?
False
Let k = -1809 + 3170. Is k composite?
False
Suppose -1718 + 5357 = 3*o. Is o a composite number?
False
Is 3 - (-75*14 - (-4)/1) prime?
True
Suppose a + 222 = -x + 2*x, 2*a = 3*x - 664. Let p = -135 - -139. Suppose -p*u + 1070 = 2*d, 2*u + 5*d = 335 + x. Is u a composite number?
True
Let a be (-3)/(3/1)*-4. Is (15/(-6))/(a/(-488)) prime?
False
Let l be (-2)/6 - (-7)/3. Let a = 81 + l. Is a prime?
True
Suppose 4 + 16 = 5*a. Let o be 26/(-6) + a/(-6). Is o/(-10)*127*2 a prime number?
True
Suppose -2*r - 671 = -5*j + 89, -j + 3*r = -165. Let u = 35 + j. Is u prime?
False
Suppose 2*h + b = 6, -b + 5 = 3*h - 4. Suppose -h*a - 212 = -2*a. Is (-1)/3 + a/(-6) a composite number?
True
Let n(t) = 3*t**2 + 4*t + 8. Is n(-17) composite?
True
Is 2347/6 + (-6)/36 composite?
True
Let n(c) = 2*c**2 + 2*c + 1 + c**2 - c**2. Let j be n(-1). Is j/3 - (-220)/6 a prime number?
True
Let p(x) = -5*x - 1. Let s be p(-1). Let d be (-28)/(-6)*66/s. Suppose 5*y - 48 = d. Is y a composite number?
True
Let o be 6*-3*(-138)/9. Suppose 5*m = -4*c + 245, 5*m - 5*c - o = 14. Is m composite?
False
Suppose v + 0*v = 0. Suppose 5*l - 4*l - 85 = v. Is l a prime number?
False
Suppose -2*r + 5*r = -8982. Let a = 4727 + r. Is a a composite number?
False
Suppose 0 = g - 1 - 3. Suppose 29 - g = 5*t. Suppose 0 = -t*x - q + 245, 2*x + 0*q = 2*q + 98. Is x a prime number?
False
Let q = 14 - 27. Let m = q + 60. Is m prime?
True
Suppose 41*x - 39*x - 194 = 0. Is x prime?
True
Suppose 3*g + 3*n - 398 = 1567, -1965 = -3*g + 5*n. Is g prime?
False
Let q = -607 - -2510. Is q composite?
True
Suppose -4*t - 2*t = -996. Is t composite?
True
Let z(k) = -k**3 + 17*k**2 + 21*k - 35. Is z(16) composite?
False
Let t(v) = 3*v**3 + 7*v**2 + 11*v + 11. Let w(k) = 2*k**3 + 8*k**2 + 12*k + 11. Let a(y) = -3*t(y) + 4*w(y). Is a(12) a composite number?
False
Let b = 7308 - 3017. Is b composite?
True
Let h(t) be the second derivative of -t**3/3 - 7*t**2/2 - 2*t. Let o be h(-5). Suppose 2*w + w + o = 0, -43 = -3*i + 4*w. Is i prime?
True
Let f = -1341 + 2258. Is f a composite number?
True
Suppose -4*q = -l + 96, 29 = -5*l + 3*q + 424. Suppose 4*h - 153 = h. Let v = l - h. Is v prime?
False
Suppose -605 = -6*k - 71. Is k a composite number?
False
Suppose 77 = -2*f + 339. Is f prime?
True
Suppose -2*n = 5*q + 19, -2*q + 1 = q - 5*n. Let s(a) = 14*a**2 - 3*a + 4. Is s(q) a prime number?
True
Let m(p) = -2*p - 2 - 34*p**3 + 2 - 1. Suppose 0*i + 2*w + 3 = 5*i, 0 = i + w + 5. Is m(i) a prime number?
False
Let l(y) = 96*y - 3. Let q be l(11). Let r = q + -736. Is r a prime number?
True
Let a = -361 - -154. Is -4*4/8 - a a composite number?
True
Let b(f) = -f**2 - 4*f + 7. Let h be b(-5). Suppose 3*q - 33 = -6*s + s, -2*s - 5*q - h = 0. Let p = -5 + s. Is p composite?
True
Suppose 7*c - 2*c = -75. Let w 